 = -q*n + 2*m. List the prime factors of (-2)/n*(23 + -1).
11
Suppose 0 = 11*x + 26*x - 47508. What are the prime factors of x?
2, 3, 107
Let u(q) = 2*q**2 - 4*q - 3. Suppose -41 = 3*p + 2*j, 4*p + 2*j + 31 = -23. Let i(a) = a**2 + 12*a - 15. Let o be i(p). List the prime factors of u(o).
13
Suppose 3*c = 3*l - 1603 - 215, l + 5*c - 636 = 0. What are the prime factors of l?
13, 47
Suppose -4*f = k - 9, 4*f - 25 = 2*k - 7. Suppose 2*m - 52 = -f*i, 2*m = -4*i + m + 61. List the prime factors of i.
2, 7
Let t(v) = v**3 - 9*v**2 + 2*v - 12. Let h be t(9). List the prime factors of 3/h*(-16)/(-4).
2
Let p be (4/3)/(6/81). What are the prime factors of p*(0/2 - -4)?
2, 3
Let v = -26 + 15. What are the prime factors of (8*-1 - 2)/1*v?
2, 5, 11
Let i(m) be the first derivative of m**4/3 + m**3/2 - m**2 - 7*m - 2. Let q(c) be the first derivative of i(c). List the prime factors of q(3).
43
Let m(l) = l. Let w be m(-1). Let n(f) = -227*f**3 + f**2 + 2*f + 1. Let x be n(w). Suppose -95 + x = 4*z. What are the prime factors of z?
3, 11
Let l(q) = -365*q + 593. List the prime factors of l(-10).
4243
Let g(o) be the second derivative of -o**3/6 + o**2/2 - 6*o. Let k be g(-2). Suppose -5*f = -d - 13, k*f - 44 = -4*d - f. What are the prime factors of d?
7
Let j(f) = 2218*f**2 - 46*f - 46. What are the prime factors of j(-1)?
2, 1109
Let z(c) = -52*c + 5. Let b(v) = -v + 6. Let q be b(2). Let g be z(q). Let f = -129 - g. List the prime factors of f.
2, 37
Let v(p) = -15*p - 60. List the prime factors of v(-11).
3, 5, 7
List the prime factors of 0/1 + 1/(8/8984).
1123
Suppose -2*x = 209 - 63. Let w be -8*x*(-4)/(-16). Suppose 144 = 5*s + 5*a - 36, -4*s - 3*a + w = 0. What are the prime factors of s?
2, 19
Let v(t) = 4*t - 5. Let y(k) = 5*k - 4. Let z(h) = -6*v(h) + 5*y(h). Let m be z(-5). Let b(d) = 5*d. List the prime factors of b(m).
5
Let p(h) = h**3 - h**2 - 5*h + 2. Let b be p(3). Suppose c - 119 - b = -2*l, 4*c - 476 = -4*l. What are the prime factors of c?
2, 3, 19
List the prime factors of (-13620)/(-18) + (-6)/9.
2, 3, 7
Let m(l) = -4*l**3 - l**2 + 2*l + 3. Let o be m(-2). Let v = o - -8. What are the prime factors of v?
5, 7
Let m be (27/3)/(9/6). Suppose 4*t - 3*z + 51 = 18, -4*z = t - m. What are the prime factors of (592/(-24))/(4/t)?
37
Suppose -4*n + 0*n = -2*o + 1966, 4926 = 5*o + n. What are the prime factors of o?
5, 197
Let v = 24 + -37. Let b = -11 - v. Suppose f = -5*w + 7, -4*w - 5*f + b*f = 1. What are the prime factors of w?
2
Let x be ((-5)/4)/(3/(-12)). Suppose 4*r - 12 = x*b, -3*r + b + 3*b = -9. Suppose r*u - 4*u - 8 = -g, 3*g + 4*u - 59 = 0. List the prime factors of g.
13
Suppose -k + y = 18, -y + 0*y = 5*k + 60. Let i = k + 11. Let b(u) = 2*u**2 - 5*u - 5. List the prime factors of b(i).
13
Let t be 0 + (1 - 2) - (1 - 8). What are the prime factors of (3 - -20 - -1) + t/(-3)?
2, 11
Let f = 440 - 181. Let n = -96 + f. List the prime factors of n.
163
Let c be ((-21)/(-7))/((-1)/(-2)). Suppose -4*s - c = -14. What are the prime factors of ((-6)/s + -12)*-2?
2, 3, 5
List the prime factors of (592 - -2)*(-11)/(-22).
3, 11
Let g be -5*-2*2/10. What are the prime factors of 474/15*5/g?
79
Let h = 1009 + -658. List the prime factors of h.
3, 13
Let v be ((-2)/(-4))/((-11)/(-44)). Suppose -2*l - 5*m = -20, 0*l = -l - v*m + 8. Suppose l = 5*d - 143 + 23. List the prime factors of d.
2, 3
Let j(v) = -2*v**2 + 42*v - 8. Let x(z) = -2*z + 9. Let t be x(-4). List the prime factors of j(t).
2
Suppose -10*b + 4*b - 120 = 0. Let u = 27 + b. List the prime factors of u.
7
Suppose 35*q - 39*q = -56. Let v = 216 + q. What are the prime factors of v?
2, 5, 23
Let g(s) = 444*s - 105. What are the prime factors of g(4)?
3, 557
Let j = 8 + -4. Let p(h) = 4*h**2 - 9. Let t(l) = l**2 - l - 1. Let o(i) = p(i) - 3*t(i). What are the prime factors of o(j)?
2, 11
Suppose -1440 = -34*y + 14*y. What are the prime factors of y?
2, 3
Suppose -g + 7 = -4*f, -5*f + f = 4*g - 28. Suppose -y + 360 = g*y. What are the prime factors of y?
3, 5
Let c(z) = -3*z - 48. Let r be c(-16). Suppose r = 3*m + 2*m - 730. What are the prime factors of m?
2, 73
Suppose 5*h - 20 = -0*h. Suppose -5*q + h*w = 20, 3*q - q - 10 = -2*w. Suppose -z = -q*z - 21. List the prime factors of z.
3, 7
Let h be (3 - (-3 - -5))*0. Suppose h = 2*a + 2*a - 8. Suppose 5*v = a*v + 30. What are the prime factors of v?
2, 5
Let c(y) = -57*y - 8. Let g(t) = 113*t + 17. Let m(n) = -5*c(n) - 2*g(n). Let o be m(3). Let u = o + -128. What are the prime factors of u?
5, 11
Suppose b + 2*x = x - 18, 0 = -4*x - 4. Let u(c) = c**3 - 6*c**2 + 12. Let k be u(5). Let m = k - b. List the prime factors of m.
2
Suppose -n - 800 = n. Let l = -202 - n. List the prime factors of l.
2, 3, 11
Let i be 45 + (1 - 1 - 5). Suppose 64 + i = b. What are the prime factors of b?
2, 13
Suppose 32 = 6*c - 2*c. Let h = c + 11. Suppose -5*q + h + 21 = 0. What are the prime factors of q?
2
Let t = -282 + 487. Suppose 401 = 2*r - t. What are the prime factors of r?
3, 101
Let f = 1263 + -837. What are the prime factors of f?
2, 3, 71
Let p be -27 + (-2 - (2 + -6)). Let k = 44 + -62. Let u = k - p. What are the prime factors of u?
7
Suppose 4*m - 23 = -7. Suppose -2*n + m*q = -0*n - 44, 0 = 2*n - 3*q - 40. List the prime factors of n.
2, 7
Let o = 5594 + -3652. What are the prime factors of o?
2, 971
Let z(b) = -44*b + 183. List the prime factors of z(-13).
5, 151
Let p = -1805 - -3539. What are the prime factors of p?
2, 3, 17
Let m = -6 - -9. Suppose m*i = q + 7 + 26, -i - 2*q + 4 = 0. Let u = i - 6. What are the prime factors of u?
2
Suppose 0 = 15*n + 2*n - 5032. What are the prime factors of n?
2, 37
Let u(i) = 9*i**2 + 3*i - 1. Let l be u(3). Suppose 19 + l = 4*c. Suppose -10 = b - c. List the prime factors of b.
17
Let g = -732 - -1520. List the prime factors of g/16 + 1 + (-5)/4.
7
Suppose 3*m = b + 1595, -4*m + 3*b + 2145 = -2*b. List the prime factors of m.
2, 5, 53
Let s(v) = 4*v + 9. Suppose 2*n - 10 = 10. List the prime factors of s(n).
7
Let n(z) = -z**2 - z + 2. Let b be n(-1). Let x be 1/(-2 - -1)*-1903. What are the prime factors of b/7 + x/77?
5
Suppose 0 = 4*w - 565 - 119. Suppose 2*t - 133 = w. List the prime factors of t.
2, 19
Let x = -9 + -19. Let m be x/(-6)*21/14. Suppose 3*i + 2*g = 34, i + 5*g + m = 5*i. What are the prime factors of i?
2
Let a(g) = g**2 + 1. Suppose 0 = -j + 2, -4*d - j - 7 = -17. List the prime factors of a(d).
5
Suppose 36*n - 65*n = -17052. What are the prime factors of n?
2, 3, 7
Suppose 547 = 5*w - 1953. What are the prime factors of w?
2, 5
Let q = 16 + -4. Let h(d) = d**3 - 13*d**2 + 13*d + 21. List the prime factors of h(q).
3, 11
Let c be ((-11)/(440/384))/(2/(-25)). Suppose 101 = f - c. List the prime factors of f.
13, 17
Let t(b) = -1104*b - 16. List the prime factors of t(-2).
2, 137
Let v = 49 - -66. Suppose -3*u = 5*l - 0*l + 248, 0 = -4*l - 4. Let z = u + v. What are the prime factors of z?
2, 17
Suppose 0 = 3*m + 3*m - 180. List the prime factors of -50*m/18*(-3)/2.
5
Let z(l) = -l**2 - 12*l + 7. Let u be (-2)/(6/3) - 4. What are the prime factors of z(u)?
2, 3, 7
Let l(b) = -595*b**3 + 2*b**2 + 6*b + 5. List the prime factors of l(-1).
2, 149
Let u = 3612 + -2098. What are the prime factors of u?
2, 757
Suppose 157 = -a + 3*a + p, -15 = 3*p. Suppose 36 = b - 4*b + 3*v, -4*b + 3*v - 44 = 0. Let s = b + a. What are the prime factors of s?
73
What are the prime factors of ((-684)/(-16) - 3)*176/33?
2, 53
Let o = -1835 + 2802. List the prime factors of o.
967
Suppose -4*n = -n + 2*d - 12, 2*n = -3*d + 3. What are the prime factors of n?
2, 3
What are the prime factors of (-7977)/(-12) - (-17)/68?
5, 7, 19
Let w be -4 - 2*(0 + 2). Let c(t) = t**2 + 5*t + 19. List the prime factors of c(w).
43
Let c be (-19 + 5)/((-2)/2). Let t = -9 + c. Suppose -2*l - 73 = -3*u - 4*l, -t*l = 3*u - 61. List the prime factors of u.
3
Let m = -129 - -134. List the prime factors of (m - (-3)/(-1))*78/12.
13
Suppose -b - 57 + 225 = 2*l, -4*b + 660 = -4*l. Suppose 5*r = 2*c - 111, -39 = -5*c - 2*r + b. List the prime factors of c.
43
Let q be ((-32)/40)/(6/(-15)). Let s = q + 0. Let i(k) = 29*k + 1. List the prime factors of i(s).
59
Let s = -124 - -51. Suppose -3*q - z - 128 = z, 3*z = -q - 45. Le